{"id":79,"date":"2019-02-24T11:34:56","date_gmt":"2019-02-24T11:34:56","guid":{"rendered":"http:\/\/xn--hof-httenland-0ob.de\/?page_id=79"},"modified":"2019-02-24T13:55:15","modified_gmt":"2019-02-24T13:55:15","slug":"ueber-mich","status":"publish","type":"page","link":"https:\/\/xn--hof-httenland-0ob.de\/?page_id=79","title":{"rendered":"\u00dcber mich"},"content":{"rendered":"<p style=\"text-align: left;\"><span style=\"font-family: georgia, palatino, serif;\">Von klein auf\u00a0sind Tiere ein wichtiger Bestandteil in meinem Leben. Angefangen hat es mit Zebrafinken, Wellensittichen und anderen gefiederten Freunden. Dann kamen die Pferde immer mehr in den Vordergrund. Ich absolvierte eine Ausbildung zur Pferdewirtin in den Bereichen Zucht und Haltung. Eine weitere Ausbildung als Tierarzthelferin folgte im Anschluss. In diesem Beruf war ich 12 Jahre lang t\u00e4tig.<\/span><\/p>\n<p style=\"text-align: left;\"><span style=\"font-family: georgia, palatino, serif;\">Unser Hof H\u00fcttenland bietet einer Vielzahl an Tieren ein Zuhause. Neben meiner T\u00e4tigkeit in der Hof eigenen Pferdepension, ist die erfolgreiche Zucht von H\u00fchnern, Enten und G\u00e4nsen eine weitere Leidenschaft von mir.<\/span><\/p>\n<p style=\"text-align: left;\"><span style=\"font-family: georgia, palatino, serif;\">Zu der artgerechten Haltung von Tieren geh\u00f6rt nicht nur das passende Umfeld, sondern auch die richtige Ern\u00e4hrung. Seit September 2014 bietet daher der Hof H\u00fcttenland auch Futter f\u00fcr Nutztiere an. Eine besonders hohe Qualit\u00e4t bietet unser Kooperationspartner und Lieferant <a href=\"http:\/\/www.garvo.nl\/de\/\" target=\"_blank\" rel=\"noopener noreferrer\">Garvo<\/a>. Wir bieten die M\u00f6glichkeit auch kleinere Mengen an Nutztierfutter bei uns zu erwerben.<\/span><\/p>\n<p style=\"text-align: left;\"><span style=\"font-family: georgia, palatino, serif;\">Ich freue mich auf Ihren Besuch.<\/span><br \/>\n<span style=\"font-family: georgia, palatino, serif;\">Inga L\u00f6\u00f6ck<\/span><\/p>\n<p><a href=\"http:\/\/xn--hof-httenland-0ob.de\/wp-content\/uploads\/2019\/02\/lacrtwjr.bmp\"><img fetchpriority=\"high\" decoding=\"async\" class=\"size-full wp-image-80 alignleft\" src=\"http:\/\/xn--hof-httenland-0ob.de\/wp-content\/uploads\/2019\/02\/lacrtwjr.bmp\" alt=\"\" width=\"600\" height=\"400\" \/><\/a><\/p>\n","protected":false},"excerpt":{"rendered":"<p>Von klein auf\u00a0sind Tiere ein wichtiger Bestandteil in meinem Leben. Angefangen hat es mit Zebrafinken, Wellensittichen und anderen gefiederten Freunden. Dann kamen die Pferde immer mehr in den Vordergrund. Ich absolvierte eine Ausbildung zur Pferdewirtin in den Bereichen Zucht und Haltung. Eine weitere Ausbildung als Tierarzthelferin folgte im Anschluss. In diesem Beruf war ich 12 Jahre lang t\u00e4tig. Unser Hof H\u00fcttenland bietet einer Vielzahl an Tieren ein Zuhause. Neben meiner T\u00e4tigkeit in der Hof eigenen Pferdepension, ist die erfolgreiche Zucht von H\u00fchnern, Enten und G\u00e4nsen eine weitere Leidenschaft von mir. Zu der artgerechten Haltung von Tieren geh\u00f6rt nicht nur das passende Umfeld, sondern auch die richtige Ern\u00e4hrung. Seit September 2014 bietet daher der Hof H\u00fcttenland auch Futter f\u00fcr Nutztiere an. Eine besonders hohe Qualit\u00e4t bietet unser Kooperationspartner und Lieferant Garvo. Wir bieten die M\u00f6glichkeit auch kleinere Mengen an Nutztierfutter bei uns zu erwerben. Ich freue mich auf Ihren Besuch. Inga L\u00f6\u00f6ck<\/p>\n","protected":false},"author":1,"featured_media":0,"parent":0,"menu_order":0,"comment_status":"closed","ping_status":"closed","template":"","meta":{"footnotes":""},"_links":{"self":[{"href":"https:\/\/xn--hof-httenland-0ob.de\/index.php?rest_route=\/wp\/v2\/pages\/79"}],"collection":[{"href":"https:\/\/xn--hof-httenland-0ob.de\/index.php?rest_route=\/wp\/v2\/pages"}],"about":[{"href":"https:\/\/xn--hof-httenland-0ob.de\/index.php?rest_route=\/wp\/v2\/types\/page"}],"author":[{"embeddable":true,"href":"https:\/\/xn--hof-httenland-0ob.de\/index.php?rest_route=\/wp\/v2\/users\/1"}],"replies":[{"embeddable":true,"href":"https:\/\/xn--hof-httenland-0ob.de\/index.php?rest_route=%2Fwp%2Fv2%2Fcomments&post=79"}],"version-history":[{"count":5,"href":"https:\/\/xn--hof-httenland-0ob.de\/index.php?rest_route=\/wp\/v2\/pages\/79\/revisions"}],"predecessor-version":[{"id":150,"href":"https:\/\/xn--hof-httenland-0ob.de\/index.php?rest_route=\/wp\/v2\/pages\/79\/revisions\/150"}],"wp:attachment":[{"href":"https:\/\/xn--hof-httenland-0ob.de\/index.php?rest_route=%2Fwp%2Fv2%2Fmedia&parent=79"}],"curies":[{"name":"wp","href":"https:\/\/api.w.org\/{rel}","templated":true}]}}